{"id":76,"date":"2021-08-10T00:47:00","date_gmt":"2021-08-09T22:47:00","guid":{"rendered":"https:\/\/www.nathalie-yoga.com\/?page_id=76"},"modified":"2023-08-10T20:29:25","modified_gmt":"2023-08-10T18:29:25","slug":"automne","status":"publish","type":"page","link":"https:\/\/www.nathalie-yoga.com\/index.php\/automne\/","title":{"rendered":"Automne"},"content":{"rendered":"\n<p class=\"has-accent-2-color has-text-color has-large-font-size\"><strong> l&rsquo;Automne selon l&rsquo;Ayurv\u00e9da<\/strong><\/p>\n\n\n\n<figure class=\"wp-block-image size-full is-resized\"><img loading=\"lazy\" decoding=\"async\" src=\"https:\/\/www.nathalie-yoga.com\/wp-content\/uploads\/2021\/08\/automne.jpg\" alt=\"\" class=\"wp-image-452\" width=\"1238\" height=\"724\" srcset=\"https:\/\/www.nathalie-yoga.com\/wp-content\/uploads\/2021\/08\/automne.jpg 821w, https:\/\/www.nathalie-yoga.com\/wp-content\/uploads\/2021\/08\/automne-300x175.jpg 300w, https:\/\/www.nathalie-yoga.com\/wp-content\/uploads\/2021\/08\/automne-768x449.jpg 768w, https:\/\/www.nathalie-yoga.com\/wp-content\/uploads\/2021\/08\/automne-513x300.jpg 513w, https:\/\/www.nathalie-yoga.com\/wp-content\/uploads\/2021\/08\/automne-512x300.jpg 512w\" sizes=\"auto, (max-width: 1238px) 100vw, 1238px\" \/><figcaption class=\"wp-element-caption\"><strong>L&rsquo;automne , c&rsquo;est aussi ma saison, car je suis n\u00e9e le jour de l&rsquo;automne &#8230;..<\/strong><\/figcaption><\/figure>\n\n\n\n<figure class=\"wp-block-pullquote has-large-font-size\"><blockquote><p>\u00ab&nbsp;Les feuilles mortes se ramassent \u00e0 la pelle, les souvenirs et les regrets aussi, mais mon amour silencieux et fid\u00e8le, sourit toujours et remercie \u00e0 la vie&nbsp;.&nbsp;\u00bb<br>Yves Montant<\/p><\/blockquote><\/figure>\n\n\n\n<p><\/p>\n\n\n\n<p class=\"has-sitetext-color has-accent-1-background-color has-text-color has-background has-large-font-size\"><strong>L\u2019ayurv\u00e9da fonctionne au rythme des saisons et du cycle de la nature, il  a un impact direct sur notre organisme.  L\u2019observer est primordial, s\u2019adapter est vitale\u2026\u2026. <\/strong><\/p>\n\n\n\n<p class=\"has-accent-2-color has-text-color has-large-font-size\">L\u2019\u00eatre humain est le reflet de l\u2019univers&nbsp;: un <strong>microcosme<\/strong> qui \u00e9volue au fil du temps en <strong>accord <\/strong>et en <strong>r\u00e9sonance <\/strong>avec son <strong>environnement&nbsp;<\/strong>. L\u2019hygi\u00e8ne de vie (dinacharya) et tout particuli\u00e8rement l\u2019alimentation s\u2019adapte \u00e0 cette routine saisonni\u00e8re.<\/p>\n\n\n\n<div style=\"height:30px\" aria-hidden=\"true\" class=\"wp-block-spacer\"><\/div>\n\n\n\n<div class=\"wp-block-columns is-layout-flex wp-container-core-columns-is-layout-9d6595d7 wp-block-columns-is-layout-flex\">\n<div class=\"wp-block-column is-layout-flow wp-block-column-is-layout-flow\">\n<h4 class=\"has-text-align-center has-sitetext-color has-text-color has-large-font-size wp-block-heading\">L\u2019automne en Ayurv\u00e9da<\/h4>\n\n\n\n<p class=\"has-accent-2-color has-text-color has-large-font-size\">Saison o\u00f9 l\u2019on <strong>quitte l\u2019inutile<\/strong>, sa parure (les feuilles), ce qui nous sert plus\u2026\u2026<\/p>\n\n\n\n<p class=\"has-accent-2-color has-text-color has-large-font-size\">Nous nous d\u00e9laissons de ce qui prend trop d\u2019\u00e9nergie, pour laisser place \u00e0 une r\u00e9flexion interne, profonde et faire le point avant une phase de repos qui sera l\u2019hiver.<\/p>\n\n\n\n<p class=\"has-accent-2-color has-text-color has-large-font-size\">C\u2019est une saison de <strong>mutation<\/strong>, elle nous pr\u00e9pare \u00e0 une <strong>renaissance <\/strong>qui fera \u00e9clore des <strong>nouvelles graines<\/strong>, comme les arbres, nous utilisons \u00e0 bon escient notre s\u00e8ve pour <strong>nourrir notre int\u00e9rieur.<\/strong><\/p>\n\n\n\n<p class=\"has-accent-2-color has-text-color has-large-font-size\">Le l\u00e2cher prise et int\u00e9riorisation, nous r\u00e9coltons les fruits ce que nous avons bien semer.<\/p>\n\n\n\n<p class=\"has-accent-2-color has-text-color has-large-font-size\">L\u2019automne est la saison du <strong>dosha Vata<\/strong> (air et \u00e9ther), le <strong>vent <\/strong>et <strong>l\u2019espace<\/strong>.<\/p>\n\n\n\n<p class=\"has-accent-2-color has-text-color has-large-font-size\">En Ayurv\u00e9da, Vata a les m\u00eames qualit\u00e9s que cette saison.<\/p>\n\n\n\n<p class=\"has-accent-2-color has-text-color has-large-font-size\">La s\u00e9cheresse, fra\u00eecheur, le vent, les feuilles qui virevoltent dans l\u2019espace pour ce d\u00e9poser sur le sol.<\/p>\n\n\n\n<p class=\"has-accent-2-color has-text-color has-large-font-size\">Je vous rappelle l\u2019humeur biologique du vent et du mouvement&nbsp;: VATA<\/p>\n\n\n\n<p class=\"has-accent-2-color has-text-color has-large-font-size\">C\u2019est une <strong>\u00e9nergie motrice<\/strong>, celle qui fait bouger, est le mariage de l\u2019air et de l\u2019espace.<\/p>\n\n\n\n<p class=\"has-accent-2-color has-text-color has-large-font-size\">Ce dosha est froid, l\u00e9ger, sec, mobile, agit\u00e9, changeant etc.\u2026<\/p>\n<\/div>\n\n\n\n<div class=\"wp-block-column is-layout-flow wp-block-column-is-layout-flow\">\n<figure class=\"wp-block-image size-large\"><img loading=\"lazy\" decoding=\"async\" width=\"559\" height=\"1024\" src=\"https:\/\/www.nathalie-yoga.com\/wp-content\/uploads\/2021\/09\/AutomnePage-559x1024.jpg\" alt=\"\" class=\"wp-image-656\" srcset=\"https:\/\/www.nathalie-yoga.com\/wp-content\/uploads\/2021\/09\/AutomnePage-559x1024.jpg 559w, https:\/\/www.nathalie-yoga.com\/wp-content\/uploads\/2021\/09\/AutomnePage-164x300.jpg 164w, https:\/\/www.nathalie-yoga.com\/wp-content\/uploads\/2021\/09\/AutomnePage-768x1407.jpg 768w, https:\/\/www.nathalie-yoga.com\/wp-content\/uploads\/2021\/09\/AutomnePage-839x1536.jpg 839w, https:\/\/www.nathalie-yoga.com\/wp-content\/uploads\/2021\/09\/AutomnePage-1118x2048.jpg 1118w, https:\/\/www.nathalie-yoga.com\/wp-content\/uploads\/2021\/09\/AutomnePage-scaled.jpg 1398w\" sizes=\"auto, (max-width: 559px) 100vw, 559px\" \/><\/figure>\n\n\n\n<div style=\"height:30px\" aria-hidden=\"true\" class=\"wp-block-spacer\"><\/div>\n\n\n\n<h2 class=\"has-sitetext-color has-text-color has-large-font-size wp-block-heading\">L&rsquo;automne est une saison Vata, besoin de douceur , de chaleur douce, de calme&#8230;.<\/h2>\n\n\n\n<figure class=\"wp-block-image size-full is-resized\"><img loading=\"lazy\" decoding=\"async\" src=\"https:\/\/www.nathalie-yoga.com\/wp-content\/uploads\/2021\/08\/automne-1.webp\" alt=\"\" class=\"wp-image-455\" width=\"400\" height=\"279\" srcset=\"https:\/\/www.nathalie-yoga.com\/wp-content\/uploads\/2021\/08\/automne-1.webp 488w, https:\/\/www.nathalie-yoga.com\/wp-content\/uploads\/2021\/08\/automne-1-300x209.webp 300w, https:\/\/www.nathalie-yoga.com\/wp-content\/uploads\/2021\/08\/automne-1-431x300.webp 431w\" sizes=\"auto, (max-width: 400px) 100vw, 400px\" \/><figcaption class=\"wp-element-caption\">L&rsquo;automne saison d&rsquo;amour, de douceur, de c\u00e2lins, de chaleur &#8230;&#8230;..dans nos foyers et notre corps!<\/figcaption><\/figure>\n<\/div>\n\n\n\n<div class=\"wp-block-column is-layout-flow wp-block-column-is-layout-flow\">\n<p class=\"has-sitetext-color has-text-color has-large-font-size\">Les caract\u00e9ristiques psychologiques et \u00e9motionnelles g\u00e9n\u00e9rales de Vata sont&nbsp;:<\/p>\n\n\n\n<p class=\"has-accent-1-color has-text-color has-large-font-size\">Une imagination et cr\u00e9ation d\u00e9bordante, \u00e7a bouillonne, une compr\u00e9hension rapide, beaucoup d\u2019id\u00e9es souvent innovantes et avant-gardistes, une logique rapide et cr\u00e9atrice, peu d\u2019endurance, une incapacit\u00e9 \u00e0 aller jusqu\u2019au bout des choses entreprises mais aussi de l\u2019anxi\u00e9t\u00e9, de l\u2019ins\u00e9curit\u00e9, des peurs, peu de m\u00e9moire, de l\u2019ind\u00e9cision et de l\u2019instabilit\u00e9.<\/p>\n\n\n\n<p class=\"has-accent-2-color has-text-color has-large-font-size\">Le si\u00e8ge de Vata dans le corps est le c\u00f4lon, sa maison principale (espace et mouvement), dans le syst\u00e8me nerveux, les os, les articulations, les organes fonctionnant avec un rythme (c\u0153ur, poumons, la circulation sanguine, la circulation nerveuse, les bras et les jambes en mouvement, les oreilles (mouvement du son dans les osselets) etc.<\/p>\n\n\n\n<p class=\"has-accent-2-color has-text-color has-large-font-size\">La saison automnale,Vata est donc en aggravation, car toutes les caract\u00e9ristiques mentionn\u00e9es se trouvent actionn\u00e9es et peuvent devenir excessives s\u2019il n\u2019est pas ma\u00eetris\u00e9.  Il peut cr\u00e9er des troubles dans l\u2019organisme comme l\u2019anxi\u00e9t\u00e9, de la d\u00e9pression, des probl\u00e8mes articulaires, des troubles digestifs ( gaz et constipation),des troubles du sommeil ( insomnies,cauchemars,r\u00e9veils nocturnes)\u2026. <\/p>\n\n\n\n<p class=\"has-accent-2-color has-text-color has-large-font-size\">Voil\u00e0 les interf\u00e9rences du dosha Vata et de l\u2019automne.  Ceci sont des exemples de ce qui peut se passer dans votre corps, t\u00eate et votre \u00e9nergie. <\/p>\n<\/div>\n<\/div>\n\n\n\n<p class=\"has-accent-2-color has-text-color has-large-font-size\">Ces recommandations sont indicatrices et g\u00e9n\u00e9rales. Nous sommes tous diff\u00e9rents et selon nos constitutions ayurv\u00e9diques, il faut aussi prendre en compte nos deux autres doshas (Pitta et Kapha), nos histoires de vie, nos empruntes familiales, nous n\u2019aurons pas besoin des m\u00eames choses.<\/p>\n\n\n\n<p class=\"has-text-align-center has-accent-2-color has-text-color has-large-font-size\">Pour en savoir plus et mettre en place une approche personnalis\u00e9e en fonction de votre constitution Ayurv\u00e9dique, prenez rendez vous avec <a href=\"https:\/\/www.nathalie-yoga.com\/index.php\/contact\/\" target=\"_blank\" rel=\"noreferrer noopener\">VOTRE PRATICIENNE pr\u00e9f\u00e9r\u00e9e<\/a>&nbsp;!<\/p>\n\n\n\n<div class=\"wp-block-columns is-layout-flex wp-container-core-columns-is-layout-9d6595d7 wp-block-columns-is-layout-flex\"><\/div>\n\n\n\n<p>Nathalie Sineux<\/p>\n<!--CusAds0-->\n<div style=\"font-size: 0px; height: 0px; line-height: 0px; margin: 0; padding: 0; clear: both;\"><\/div>","protected":false},"excerpt":{"rendered":"<p>l&rsquo;Automne selon l&rsquo;Ayurv\u00e9da \u00ab&nbsp;Les feuilles mortes se ramassent \u00e0 la pelle, les souvenirs et les regrets aussi, mais mon amour silencieux et fid\u00e8le, sourit toujours &hellip;<\/p>\n","protected":false},"author":1,"featured_media":481,"parent":0,"menu_order":0,"comment_status":"closed","ping_status":"closed","template":"","meta":{"footnotes":""},"class_list":["post-76","page","type-page","status-publish","has-post-thumbnail","hentry"],"yoast_head":"<!-- This site is optimized with the Yoast SEO plugin v23.7 - https:\/\/yoast.com\/wordpress\/plugins\/seo\/ -->\n<title>Automne - NAThalie-YOGA les 4 saisons Automne<\/title>\n<meta name=\"description\" content=\"L\u2019ayurv\u00e9da fonctionne au rythme des saisons et le cycle de la nature a un impact sur notre organisme. Observation, adaptation primordiales\" \/>\n<meta name=\"robots\" content=\"index, follow, max-snippet:-1, max-image-preview:large, max-video-preview:-1\" \/>\n<link rel=\"canonical\" href=\"https:\/\/www.nathalie-yoga.com\/index.php\/automne\/\" \/>\n<meta property=\"og:locale\" content=\"fr_FR\" \/>\n<meta property=\"og:type\" content=\"article\" \/>\n<meta property=\"og:title\" content=\"Automne - NAThalie-YOGA les 4 saisons Automne\" \/>\n<meta property=\"og:description\" content=\"L\u2019ayurv\u00e9da fonctionne au rythme des saisons et le cycle de la nature a un impact sur notre organisme. Observation, adaptation primordiales\" \/>\n<meta property=\"og:url\" content=\"https:\/\/www.nathalie-yoga.com\/index.php\/automne\/\" \/>\n<meta property=\"og:site_name\" content=\"NAThalie-YOGA\" \/>\n<meta property=\"article:publisher\" content=\"https:\/\/www.facebook.com\/Nathalieyoga-105104835221700\" \/>\n<meta property=\"article:modified_time\" content=\"2023-08-10T18:29:25+00:00\" \/>\n<meta property=\"og:image\" content=\"https:\/\/www.nathalie-yoga.com\/wp-content\/uploads\/2021\/08\/Automne-1.jpg\" \/>\n\t<meta property=\"og:image:width\" content=\"1238\" \/>\n\t<meta property=\"og:image:height\" content=\"676\" \/>\n\t<meta property=\"og:image:type\" content=\"image\/jpeg\" \/>\n<meta name=\"twitter:card\" content=\"summary_large_image\" \/>\n<meta name=\"twitter:label1\" content=\"Dur\u00e9e de lecture estim\u00e9e\" \/>\n\t<meta name=\"twitter:data1\" content=\"4 minutes\" \/>\n<script type=\"application\/ld+json\" class=\"yoast-schema-graph\">{\"@context\":\"https:\/\/schema.org\",\"@graph\":[{\"@type\":\"WebPage\",\"@id\":\"https:\/\/www.nathalie-yoga.com\/index.php\/automne\/\",\"url\":\"https:\/\/www.nathalie-yoga.com\/index.php\/automne\/\",\"name\":\"Automne - NAThalie-YOGA les 4 saisons Automne\",\"isPartOf\":{\"@id\":\"https:\/\/www.nathalie-yoga.com\/#website\"},\"primaryImageOfPage\":{\"@id\":\"https:\/\/www.nathalie-yoga.com\/index.php\/automne\/#primaryimage\"},\"image\":{\"@id\":\"https:\/\/www.nathalie-yoga.com\/index.php\/automne\/#primaryimage\"},\"thumbnailUrl\":\"https:\/\/www.nathalie-yoga.com\/wp-content\/uploads\/2021\/08\/Automne-1.jpg\",\"datePublished\":\"2021-08-09T22:47:00+00:00\",\"dateModified\":\"2023-08-10T18:29:25+00:00\",\"description\":\"L\u2019ayurv\u00e9da fonctionne au rythme des saisons et le cycle de la nature a un impact sur notre organisme. Observation, adaptation primordiales\",\"breadcrumb\":{\"@id\":\"https:\/\/www.nathalie-yoga.com\/index.php\/automne\/#breadcrumb\"},\"inLanguage\":\"fr-FR\",\"potentialAction\":[{\"@type\":\"ReadAction\",\"target\":[\"https:\/\/www.nathalie-yoga.com\/index.php\/automne\/\"]}]},{\"@type\":\"ImageObject\",\"inLanguage\":\"fr-FR\",\"@id\":\"https:\/\/www.nathalie-yoga.com\/index.php\/automne\/#primaryimage\",\"url\":\"https:\/\/www.nathalie-yoga.com\/wp-content\/uploads\/2021\/08\/Automne-1.jpg\",\"contentUrl\":\"https:\/\/www.nathalie-yoga.com\/wp-content\/uploads\/2021\/08\/Automne-1.jpg\",\"width\":1238,\"height\":676},{\"@type\":\"BreadcrumbList\",\"@id\":\"https:\/\/www.nathalie-yoga.com\/index.php\/automne\/#breadcrumb\",\"itemListElement\":[{\"@type\":\"ListItem\",\"position\":1,\"name\":\"Accueil\",\"item\":\"https:\/\/www.nathalie-yoga.com\/\"},{\"@type\":\"ListItem\",\"position\":2,\"name\":\"Automne\"}]},{\"@type\":\"WebSite\",\"@id\":\"https:\/\/www.nathalie-yoga.com\/#website\",\"url\":\"https:\/\/www.nathalie-yoga.com\/\",\"name\":\"NAThalie-YOGA\",\"description\":\"Ayurveda &amp; Yoga\",\"publisher\":{\"@id\":\"https:\/\/www.nathalie-yoga.com\/#organization\"},\"potentialAction\":[{\"@type\":\"SearchAction\",\"target\":{\"@type\":\"EntryPoint\",\"urlTemplate\":\"https:\/\/www.nathalie-yoga.com\/?s={search_term_string}\"},\"query-input\":{\"@type\":\"PropertyValueSpecification\",\"valueRequired\":true,\"valueName\":\"search_term_string\"}}],\"inLanguage\":\"fr-FR\"},{\"@type\":\"Organization\",\"@id\":\"https:\/\/www.nathalie-yoga.com\/#organization\",\"name\":\"NAThalie-YOGA\",\"url\":\"https:\/\/www.nathalie-yoga.com\/\",\"logo\":{\"@type\":\"ImageObject\",\"inLanguage\":\"fr-FR\",\"@id\":\"https:\/\/www.nathalie-yoga.com\/#\/schema\/logo\/image\/\",\"url\":\"https:\/\/www.nathalie-yoga.com\/wp-content\/uploads\/2021\/11\/cropped-LogoSiteCercleCouleur.png\",\"contentUrl\":\"https:\/\/www.nathalie-yoga.com\/wp-content\/uploads\/2021\/11\/cropped-LogoSiteCercleCouleur.png\",\"width\":168,\"height\":204,\"caption\":\"NAThalie-YOGA\"},\"image\":{\"@id\":\"https:\/\/www.nathalie-yoga.com\/#\/schema\/logo\/image\/\"},\"sameAs\":[\"https:\/\/www.facebook.com\/Nathalieyoga-105104835221700\",\"https:\/\/studio.youtube.com\/channel\/UCIzlfL2iLtNhlW_xsvmi7-g\/videos\/upload?filter=[]&amp;sort={&quot;columnType&quot;:&quot;date&quot;,&quot;sortOrder&quot;DESCENDING&quot;}\"]}]}<\/script>\n<!-- \/ Yoast SEO plugin. -->","yoast_head_json":{"title":"Automne - NAThalie-YOGA les 4 saisons Automne","description":"L\u2019ayurv\u00e9da fonctionne au rythme des saisons et le cycle de la nature a un impact sur notre organisme. Observation, adaptation primordiales","robots":{"index":"index","follow":"follow","max-snippet":"max-snippet:-1","max-image-preview":"max-image-preview:large","max-video-preview":"max-video-preview:-1"},"canonical":"https:\/\/www.nathalie-yoga.com\/index.php\/automne\/","og_locale":"fr_FR","og_type":"article","og_title":"Automne - NAThalie-YOGA les 4 saisons Automne","og_description":"L\u2019ayurv\u00e9da fonctionne au rythme des saisons et le cycle de la nature a un impact sur notre organisme. Observation, adaptation primordiales","og_url":"https:\/\/www.nathalie-yoga.com\/index.php\/automne\/","og_site_name":"NAThalie-YOGA","article_publisher":"https:\/\/www.facebook.com\/Nathalieyoga-105104835221700","article_modified_time":"2023-08-10T18:29:25+00:00","og_image":[{"width":1238,"height":676,"url":"https:\/\/www.nathalie-yoga.com\/wp-content\/uploads\/2021\/08\/Automne-1.jpg","type":"image\/jpeg"}],"twitter_card":"summary_large_image","twitter_misc":{"Dur\u00e9e de lecture estim\u00e9e":"4 minutes"},"schema":{"@context":"https:\/\/schema.org","@graph":[{"@type":"WebPage","@id":"https:\/\/www.nathalie-yoga.com\/index.php\/automne\/","url":"https:\/\/www.nathalie-yoga.com\/index.php\/automne\/","name":"Automne - NAThalie-YOGA les 4 saisons Automne","isPartOf":{"@id":"https:\/\/www.nathalie-yoga.com\/#website"},"primaryImageOfPage":{"@id":"https:\/\/www.nathalie-yoga.com\/index.php\/automne\/#primaryimage"},"image":{"@id":"https:\/\/www.nathalie-yoga.com\/index.php\/automne\/#primaryimage"},"thumbnailUrl":"https:\/\/www.nathalie-yoga.com\/wp-content\/uploads\/2021\/08\/Automne-1.jpg","datePublished":"2021-08-09T22:47:00+00:00","dateModified":"2023-08-10T18:29:25+00:00","description":"L\u2019ayurv\u00e9da fonctionne au rythme des saisons et le cycle de la nature a un impact sur notre organisme. Observation, adaptation primordiales","breadcrumb":{"@id":"https:\/\/www.nathalie-yoga.com\/index.php\/automne\/#breadcrumb"},"inLanguage":"fr-FR","potentialAction":[{"@type":"ReadAction","target":["https:\/\/www.nathalie-yoga.com\/index.php\/automne\/"]}]},{"@type":"ImageObject","inLanguage":"fr-FR","@id":"https:\/\/www.nathalie-yoga.com\/index.php\/automne\/#primaryimage","url":"https:\/\/www.nathalie-yoga.com\/wp-content\/uploads\/2021\/08\/Automne-1.jpg","contentUrl":"https:\/\/www.nathalie-yoga.com\/wp-content\/uploads\/2021\/08\/Automne-1.jpg","width":1238,"height":676},{"@type":"BreadcrumbList","@id":"https:\/\/www.nathalie-yoga.com\/index.php\/automne\/#breadcrumb","itemListElement":[{"@type":"ListItem","position":1,"name":"Accueil","item":"https:\/\/www.nathalie-yoga.com\/"},{"@type":"ListItem","position":2,"name":"Automne"}]},{"@type":"WebSite","@id":"https:\/\/www.nathalie-yoga.com\/#website","url":"https:\/\/www.nathalie-yoga.com\/","name":"NAThalie-YOGA","description":"Ayurveda &amp; Yoga","publisher":{"@id":"https:\/\/www.nathalie-yoga.com\/#organization"},"potentialAction":[{"@type":"SearchAction","target":{"@type":"EntryPoint","urlTemplate":"https:\/\/www.nathalie-yoga.com\/?s={search_term_string}"},"query-input":{"@type":"PropertyValueSpecification","valueRequired":true,"valueName":"search_term_string"}}],"inLanguage":"fr-FR"},{"@type":"Organization","@id":"https:\/\/www.nathalie-yoga.com\/#organization","name":"NAThalie-YOGA","url":"https:\/\/www.nathalie-yoga.com\/","logo":{"@type":"ImageObject","inLanguage":"fr-FR","@id":"https:\/\/www.nathalie-yoga.com\/#\/schema\/logo\/image\/","url":"https:\/\/www.nathalie-yoga.com\/wp-content\/uploads\/2021\/11\/cropped-LogoSiteCercleCouleur.png","contentUrl":"https:\/\/www.nathalie-yoga.com\/wp-content\/uploads\/2021\/11\/cropped-LogoSiteCercleCouleur.png","width":168,"height":204,"caption":"NAThalie-YOGA"},"image":{"@id":"https:\/\/www.nathalie-yoga.com\/#\/schema\/logo\/image\/"},"sameAs":["https:\/\/www.facebook.com\/Nathalieyoga-105104835221700","https:\/\/studio.youtube.com\/channel\/UCIzlfL2iLtNhlW_xsvmi7-g\/videos\/upload?filter=[]&amp;sort={&quot;columnType&quot;:&quot;date&quot;,&quot;sortOrder&quot;DESCENDING&quot;}"]}]}},"jetpack_sharing_enabled":false,"_links":{"self":[{"href":"https:\/\/www.nathalie-yoga.com\/index.php\/wp-json\/wp\/v2\/pages\/76","targetHints":{"allow":["GET"]}}],"collection":[{"href":"https:\/\/www.nathalie-yoga.com\/index.php\/wp-json\/wp\/v2\/pages"}],"about":[{"href":"https:\/\/www.nathalie-yoga.com\/index.php\/wp-json\/wp\/v2\/types\/page"}],"author":[{"embeddable":true,"href":"https:\/\/www.nathalie-yoga.com\/index.php\/wp-json\/wp\/v2\/users\/1"}],"replies":[{"embeddable":true,"href":"https:\/\/www.nathalie-yoga.com\/index.php\/wp-json\/wp\/v2\/comments?post=76"}],"version-history":[{"count":27,"href":"https:\/\/www.nathalie-yoga.com\/index.php\/wp-json\/wp\/v2\/pages\/76\/revisions"}],"predecessor-version":[{"id":1347,"href":"https:\/\/www.nathalie-yoga.com\/index.php\/wp-json\/wp\/v2\/pages\/76\/revisions\/1347"}],"wp:featuredmedia":[{"embeddable":true,"href":"https:\/\/www.nathalie-yoga.com\/index.php\/wp-json\/wp\/v2\/media\/481"}],"wp:attachment":[{"href":"https:\/\/www.nathalie-yoga.com\/index.php\/wp-json\/wp\/v2\/media?parent=76"}],"curies":[{"name":"wp","href":"https:\/\/api.w.org\/{rel}","templated":true}]}}